thousands digit of 2244147?
4
What is the tens digit of 4240665?
6
What is the units digit of 6605?
5
What is the hundreds digit of 7966754?
7
What is the tens digit of 428809?
0
What is the ten thousands digit of 1095049?
9
What is the ten thousands digit of 12143762?
4
What is the units digit of 14232916?
6
What is the tens digit of 10489320?
2
What is the millions digit of 12421237?
2
What is the thousands digit of 1327214?
7
What is the tens digit of 5726014?
1
What is the units digit of 192594?
4
What is the ten thousands digit of 1936741?
3
What is the units digit of 65824?
4
What is the hundreds digit of 12213467?
4
What is the hundreds digit of 94393?
3
What is the hundred thousands digit of 3468114?
4
What is the thousands digit of 1254705?
4
What is the millions digit of 4371605?
4
What is the millions digit of 11817592?
1
What is the tens digit of 317586?
8
What is the thousands digit of 4142215?
2
What is the hundreds digit of 597768?
7
What is the ten millions digit of 15779514?
1
What is the tens digit of 10585798?
9
What is the units digit of 62759?
9
What is the units digit of 252540?
0
What is the hundred thousands digit of 509323?
5
What is the ten thousands digit of 183249?
8
What is the ten thousands digit of 988843?
8
What is the thousands digit of 2936653?
6
What is the ten thousands digit of 144443?
4
What is the units digit of 1608681?
1
What is the thousands digit of 309797?
9
What is the ten millions digit of 17556023?
1
What is the units digit of 230892?
2
What is the ten thousands digit of 26123468?
2
What is the units digit of 81751?
1
What is the units digit of 827117?
7
What is the ten thousands digit of 956873?
5
What is the hundreds digit of 74950?
9
What is the hundreds digit of 9663575?
5
What is the units digit of 61087?
7
What is the ten thousands digit of 260329?
6
What is the ten thousands digit of 3937423?
3
What is the units digit of 672947?
7
What is the hundred thousands digit of 8684926?
6
What is the thousands digit of 9915041?
5
What is the tens digit of 171180?
8
What is the units digit of 5771116?
6
What is the units digit of 17378558?
8
What is the ten thousands digit of 15725784?
2
What is the units digit of 106166?
6
What is the tens digit of 98457?
5
What is the tens digit of 1444340?
4
What is the hundreds digit of 580468?
4
What is the thousands digit of 950030?
0
What is the thousands digit of 2717373?
7
What is the tens digit of 181521?
2
What is the units digit of 6576529?
9
What is the ten thousands digit of 208474?
0
What is the units digit of 1314590?
0
What is the units digit of 1506194?
4
What is the hundred thousands digit of 3786430?
7
What is the hundreds digit of 924175?
1
What is the thousands digit of 239283?
9
What is the units digit of 30199753?
3
What is the units digit of 160082?
2
What is the thousands digit of 952851?
2
What is the hundred thousands digit of 2988036?
9
What is the ten thousands digit of 5140949?
4
What is the millions digit of 1087539?
1
What is the hundreds digit of 1741987?
9
What is the hundred thousands digit of 977154?
9
What is the hundred thousands digit of 166541?
1
What is the tens digit of 780094?
9
What is the thousands digit of 130010?
0
What is the ten thousands digit of 480562?
8
What is the hundred thousands digit of 3538248?
5
What is the hundreds digit of 1678957?
9
What is the ten thousands digit of 898952?
9
What is the tens digit of 309319?
1
What is the hundred thousands digit of 10686478?
6
What is the ten thousands digit of 12060270?
6
What is the thousands digit of 103845?
3
What is the ten thousands digit of 37355279?
5
What is the tens digit of 8632772?
7
What is the hundred thousands digit of 20696638?
6
What is the units digit of 165436?
6
What is the hundreds digit of 8146041?
0
What is the thousands digit of 258255?
8
What is the millions digit of 15744322?
5
What is the hundreds digit of 11733119?
1
What is the hundreds digit of 3189474?
4
What is the ten thousands digit of 2319346?
1
What is the thousands digit of 6012329?
2
What is the thousands digit of 20372371?
2
What is the units digit of 701939?
9
What is the ten thousands digit of 1280772?
8
What is the millions digit of 3892678?
3
What is the millions digit of 6547171?
6
What is the ten thousands digit of 235648?
3
What is the hundreds digit of 1849865?
8
What is the hundred thousands digit of 156902?
1
What is the units digit of 275517?
7
What is the tens digit of 1676452?
5
What is the hundred thousands digit of 313553?
3
What is the ten thousands digit of 909489?
0
What is the hundred thousands digit of 212105?
2
What is the thousands digit of 1014976?
4
What is the tens digit of 287988?
8
What is the hundreds digit of 16874680?
6
What is the units digit of 583003?
3
What is the hundreds digit of 7773417?
4
What is the tens digit of 191626?
2
What is the ten thousands digit of 5076946?
7
What is the ten millions digit of 11485784?
1
What is the hundred thousands digit of 2522205?
5
What is the units digit of 901716?
6
What is the tens digit of 2221796?
9
What is the units digit of 809570?
0
What is the hundred thousands digit of 3655026?
6
What is the thousands digit of 6334648?
4
What is the hundred thousands digit of 6197786?
1
What is the ten thousands digit of 536062?
3
What is the ten millions digit of 19792851?
1
What is the hundreds digit of 194931?
9
What is the tens digit of 111834?
3
What is the units digit of 4183806?
6
What is the ten thousands digit of 133873?
3
What is the units digit of 157109?
9
What is the hundreds digit of 531168?
1
What is the ten thousands digit of 22493562?
9
What is the hundred thousands digit of 317902?
3
What is the ten thousands digit of 441313?
4
What is the hundred thousands digit of 612973?
6
What is the hundreds digit of 100313?
3
What is the ten thousands digit of 138114?
3
What is the hundreds digit of 531690?
6
What is the tens digit of 38346919?
1
What is the thousands digit of 5697612?
7
What is the tens digit of 20127846?
4
What is the ten thousands digit of 19406391?
0
What is the tens digit of 56745?
4
What is the tens digit of 3967923?
2
What is the units digit of 2946575?
5
What is the hundreds digit of 4637518?
5
What is the hundreds digit of 29950?
9
What is the hundreds digit of 581422?
4
What is the ten thousands digit of 8910960?
1
What is the ten thousands digit of 343709?
4
What is the hundreds digit of 1057124?
1
What is the units digit of 31168984?
4
What is the ten thousands digit of 441011?
4
What is the units digit of 894559?
9
What is the hundred thousands digit of 439276?
4
What is the millions digit of 2194555?
2
What is the hundreds digit of 7599820?
8
What is the thousands digit of 2525364?
5
What is the hundreds digit of 4942300?
3
What is the thousands digit of 264288?
4
What is the ten thousands digit of 2426934?
2
What is the tens digit of 16653130?
3
What is the thousands digit of 3542790?
2
What is the ten thousands digit of 574938?
7
What is the hundred thousands digit of 209011?
2
What is the millions digit of 9164129?
9
What is the thousands digit of 114519?
4
What is the ten thousands digit of 97063?
9
What is the ten thousands digit of 5923063?
2
What is the thousands digit of 276406?
6
What is the thousands digit of 8197816?
7
What is the tens digit of 5555483?
8
What is the tens digit of 1469630?
3
What is the hundreds digit of 1111704?
7
What is the thousands digit of 4118847?
8
What is the thousands digit of 70814?
0
What is the units digit of 19042029?
9
What is the hundreds digit of 1799673?
6
What is the units digit of 68345?
5
What is the units digit of 208002?
2
What is the tens digit of 119?
1
What is the hundreds digit of 11591784?
7
What is the millions digit of 8259387?
8
What is the tens digit of 41128?
2
What is the millions digit of 1525786?
1
What is the millions digit of 11267572?
1
What is the tens digit of 9474?
7
What is the tens digit of 22063238?
3
What is the hundred thousands digit of 190186?
1
What is the units digit of 1785803?
3
What is the units digit of 430212?
2
What is the units digit of 13906362?
2
What is the hundred thousands digit of 9441232?
4
What is the hundreds digit of 28041728?
7
What is the units digit of 5962629?
9
What is the ten 